he tens digit of 206882155?
5
What is the hundreds digit of 435109464?
4
What is the millions digit of 55771535?
5
What is the hundred thousands digit of 76793656?
7
What is the ten thousands digit of 34783125?
8
What is the thousands digit of 1483253112?
3
What is the ten millions digit of 56027564?
5
What is the ten thousands digit of 149867937?
6
What is the units digit of 257671864?
4
What is the hundred thousands digit of 738867658?
8
What is the hundred millions digit of 684717255?
6
What is the hundred millions digit of 470431153?
4
What is the hundred thousands digit of 1944211306?
2
What is the millions digit of 503257171?
3
What is the ten thousands digit of 44129117?
2
What is the thousands digit of 1047454975?
4
What is the hundreds digit of 28397454?
4
What is the ten thousands digit of 11648493?
4
What is the thousands digit of 50911037?
1
What is the tens digit of 1671251148?
4
What is the hundreds digit of 77907239?
2
What is the millions digit of 103201044?
3
What is the thousands digit of 488416589?
6
What is the units digit of 160021446?
6
What is the millions digit of 36490794?
6
What is the millions digit of 71159317?
1
What is the ten millions digit of 1642846637?
4
What is the tens digit of 1933983076?
7
What is the thousands digit of 44363226?
3
What is the units digit of 56597505?
5
What is the billions digit of 2590280292?
2
What is the thousands digit of 2304013186?
3
What is the units digit of 1458594725?
5
What is the millions digit of 78202807?
8
What is the tens digit of 6584908943?
4
What is the hundred thousands digit of 423122966?
1
What is the billions digit of 1486575639?
1
What is the ten thousands digit of 651734511?
3
What is the millions digit of 98651964?
8
What is the thousands digit of 347983522?
3
What is the hundred millions digit of 1300343774?
3
What is the hundred millions digit of 1045659406?
0
What is the millions digit of 123938852?
3
What is the ten millions digit of 379663076?
7
What is the hundred millions digit of 558853565?
5
What is the millions digit of 760440172?
0
What is the tens digit of 2935004058?
5
What is the units digit of 25609472?
2
What is the ten millions digit of 1839207266?
3
What is the tens digit of 49925804?
0
What is the thousands digit of 33790051?
0
What is the tens digit of 793507558?
5
What is the thousands digit of 6735359?
5
What is the hundred thousands digit of 4829458674?
4
What is the hundred thousands digit of 424597767?
5
What is the millions digit of 383405437?
3
What is the hundred thousands digit of 69194137?
1
What is the millions digit of 4390002672?
0
What is the ten thousands digit of 63614425?
1
What is the thousands digit of 855405415?
5
What is the tens digit of 1507023835?
3
What is the hundred thousands digit of 64200339?
2
What is the ten thousands digit of 20857484?
5
What is the hundred thousands digit of 249936428?
9
What is the thousands digit of 534237265?
7
What is the hundred millions digit of 1234549761?
2
What is the thousands digit of 2021212498?
2
What is the hundreds digit of 328238163?
1
What is the units digit of 64680623?
3
What is the hundred thousands digit of 3488304656?
3
What is the ten thousands digit of 235603359?
0
What is the ten millions digit of 415780633?
1
What is the units digit of 3105980301?
1
What is the units digit of 8821224?
4
What is the thousands digit of 49522259?
2
What is the hundred thousands digit of 61060495?
0
What is the hundred thousands digit of 1653787593?
7
What is the units digit of 298097171?
1
What is the hundred millions digit of 225273017?
2
What is the hundred thousands digit of 1939805469?
8
What is the tens digit of 2679331642?
4
What is the tens digit of 641595185?
8
What is the hundreds digit of 61504708?
7
What is the ten thousands digit of 14686497?
8
What is the hundred thousands digit of 63075596?
0
What is the hundreds digit of 900491565?
5
What is the billions digit of 4516313966?
4
What is the hundred thousands digit of 132200001?
2
What is the ten thousands digit of 635465770?
6
What is the units digit of 1020118062?
2
What is the millions digit of 2334897492?
4
What is the hundreds digit of 298616955?
9
What is the hundred millions digit of 2794458090?
7
What is the millions digit of 304312118?
4
What is the hundred millions digit of 710025668?
7
What is the hundred millions digit of 194069810?
1
What is the units digit of 4376782191?
1
What is the ten millions digit of 4418647373?
1
What is the millions digit of 322031657?
2
What is the hundred thousands digit of 339607621?
6
What is the hundreds digit of 1654647400?
4
What is the tens digit of 760747599?
9
What is the ten thousands digit of 187784314?
8
What is the millions digit of 185618495?
5
What is the units digit of 662561790?
0
What is the hundred thousands digit of 98263813?
2
What is the units digit of 858443669?
9
What is the hundred thousands digit of 217915458?
9
What is the ten millions digit of 25924539?
2
What is the tens digit of 65936857?
5
What is the thousands digit of 381331845?
1
What is the thousands digit of 123820504?
0
What is the thousands digit of 5302620256?
0
What is the millions digit of 742476916?
2
What is the ten millions digit of 99148310?
9
What is the hundreds digit of 49672883?
8
What is the millions digit of 98000005?
8
What is the units digit of 104348988?
8
What is the tens digit of 8232501129?
2
What is the thousands digit of 287357916?
7
What is the hundred thousands digit of 51683525?
6
What is the hundred millions digit of 2478765888?
4
What is the hundred thousands digit of 845139588?
1
What is the tens digit of 107619181?
8
What is the millions digit of 548932509?
8
What is the ten thousands digit of 11777739?
7
What is the millions digit of 1976898340?
6
What is the hundred thousands digit of 72977188?
9
What is the ten millions digit of 110859165?
1
What is the ten thousands digit of 173518021?
1
What is the units digit of 140058231?
1
What is the hundreds digit of 1064523951?
9
What is the hundred thousands digit of 741630407?
6
What is the hundred millions digit of 1449271805?
4
What is the millions digit of 991612588?
1
What is the hundred thousands digit of 1073202994?
2
What is the millions digit of 2449642?
2
What is the hundred millions digit of 447080844?
4
What is the thousands digit of 38703269?
3
What is the thousands digit of 175373889?
3
What is the ten millions digit of 344951632?
4
What is the thousands digit of 2512745260?
5
What is the tens digit of 7251478144?
4
What is the units digit of 762218496?
6
What is the thousands digit of 8555625572?
5
What is the hundred thousands digit of 214579329?
5
What is the hundred thousands digit of 55882627?
8
What is the millions digit of 171440092?
1
What is the tens digit of 211696642?
4
What is the units digit of 423477052?
2
What is the units digit of 108188386?
6
What is the millions digit of 727259825?
7
What is the hundreds digit of 97546411?
4
What is the hundred thousands digit of 875108594?
1
What is the ten thousands digit of 1650721637?
2
What is the units digit of 1355840210?
0
What is the thousands digit of 318442156?
2
What is the millions digit of 40840255?
0
What is the thousands digit of 6961244654?
4
What is the ten millions digit of 184271614?
8
What is the thousands digit of 1010657285?
7
What is the ten thousands digit of 2152031874?
3
What is the hundreds digit of 1672980181?
1
What is the hundred millions digit of 134124225?
1
What is the thousands digit of 41705603?
5
What is the tens digit of 5339840?
4
What is the units digit of 134471458?
8
What is the millions digit of 30324525?
0
What is the thousands digit of 256157029?
7
What is the tens digit of 95836372?
7
What is the ten thousands digit of 2490344130?
4
What is the hundreds digit of 3112424?
4
What is the hundred millions digit of 3692848803?
6
What is the ten thousands digit of 40672698?
7
What is the millions digit of 1218465094?
8
What is the tens digit of 177440962?
6
What is the hundred millions digit of 685956586?
6
What is the thousands digit of 665105067?
5
What is the hundreds digit of 414812641?
6
What is the thousands digit of 1217336545?
6
What is the thousands digit of 79198102?
8
What is the hundreds digit of 154656619?